{"id":895,"date":"2026-03-19T08:15:49","date_gmt":"2026-03-19T07:15:49","guid":{"rendered":"https:\/\/kaffestuganalphem.se\/?post_type=mec-events&#038;p=895"},"modified":"2026-03-19T08:15:49","modified_gmt":"2026-03-19T07:15:49","slug":"vaffeldagen-pa-kaffestugan-alphem","status":"publish","type":"mec-events","link":"https:\/\/kaffestuganalphem.se\/en\/kalender\/vaffeldagen-pa-kaffestugan-alphem\/","title":{"rendered":"V\u00e5ffeldagen p\u00e5 Kaffestugan Alphem"},"content":{"rendered":"<p><strong>Fira Marie beb\u00e5delsedag \u2013 v\u00e5ffeldagen den 25 mars p\u00e5 Kaffestugan Alphem!<\/strong><\/p>\n<p>Mellan kl. 11.00\u201317.00 serveras nygr\u00e4ddade v\u00e5fflor tillsammans med kaffe, te eller saft \u2013 en perfekt start p\u00e5 s\u00e4songen i den vackra milj\u00f6n vid Alphems Arboretum.<\/p>\n<p>Ta en paus i vardagen, njut av den stilla ron i parken och l\u00e5t v\u00e5ren sakta ta plats.<\/p>\n<p>\ud83c\udf3f Varmt v\u00e4lkomna!<br \/>\nAnders<\/p>","protected":false},"excerpt":{"rendered":"<p>Fira Marie beb\u00e5delsedag \u2013 v\u00e5ffeldagen den 25 mars p\u00e5 Kaffestugan Alphem! Mellan kl. 11.00\u201317.00 serveras nygr\u00e4ddade v\u00e5fflor tillsammans med kaffe, te eller saft \u2013 en perfekt start p\u00e5 s\u00e4songen i den vackra milj\u00f6n vid Alphems Arboretum. Ta en paus i vardagen, njut av den stilla ron i parken och l\u00e5t v\u00e5ren sakta ta plats. \ud83c\udf3f [&hellip;]<\/p>\n","protected":false},"author":1,"featured_media":91,"comment_status":"open","ping_status":"closed","template":"","tags":[],"mec_category":[19,22],"class_list":["post-895","mec-events","type-mec-events","status-publish","has-post-thumbnail","hentry","mec_category-event","mec_category-meny"],"_links":{"self":[{"href":"https:\/\/kaffestuganalphem.se\/en\/wp-json\/wp\/v2\/mec-events\/895","targetHints":{"allow":["GET"]}}],"collection":[{"href":"https:\/\/kaffestuganalphem.se\/en\/wp-json\/wp\/v2\/mec-events"}],"about":[{"href":"https:\/\/kaffestuganalphem.se\/en\/wp-json\/wp\/v2\/types\/mec-events"}],"author":[{"embeddable":true,"href":"https:\/\/kaffestuganalphem.se\/en\/wp-json\/wp\/v2\/users\/1"}],"replies":[{"embeddable":true,"href":"https:\/\/kaffestuganalphem.se\/en\/wp-json\/wp\/v2\/comments?post=895"}],"wp:featuredmedia":[{"embeddable":true,"href":"https:\/\/kaffestuganalphem.se\/en\/wp-json\/wp\/v2\/media\/91"}],"wp:attachment":[{"href":"https:\/\/kaffestuganalphem.se\/en\/wp-json\/wp\/v2\/media?parent=895"}],"wp:term":[{"taxonomy":"post_tag","embeddable":true,"href":"https:\/\/kaffestuganalphem.se\/en\/wp-json\/wp\/v2\/tags?post=895"},{"taxonomy":"mec_category","embeddable":true,"href":"https:\/\/kaffestuganalphem.se\/en\/wp-json\/wp\/v2\/mec_category?post=895"}],"curies":[{"name":"wp","href":"https:\/\/api.w.org\/{rel}","templated":true}]}}

Våffeldagen på Kaffestugan Alphem

<p><strong>Fira Marie bebådelsedag – våffeldagen den 25 mars på Kaffestugan Alphem!</strong></p>
<p>Mellan kl. 11.00–17.00 serveras nygräddade våfflor tillsammans med kaffe, te eller saft – en perfekt start på säsongen i den vackra miljön vid Alphems Arboretum.</p>
<p>Ta en paus i vardagen, njut av den stilla ron i parken och låt våren sakta ta plats.</p>
<p>🌿 Varmt välkomna!<br />
Anders</p>

<p>Fira Marie bebådelsedag – våffeldagen den 25 mars på Kaffestugan Alphem! Mellan kl. 11.00–17.00 serveras nygräddade våfflor tillsammans med kaffe, te eller saft – en perfekt start på säsongen i den vackra miljön vid Alphems Arboretum. Ta en paus i vardagen, njut av den stilla ron i parken och låt våren sakta ta plats. 🌿 [&hellip;]</p>
